v = -4*d + 522, -4 = 2*d. What are the prime factors of v?
2, 53
Let b = -90 + 127. List the prime factors of b.
37
Let x = 386 - 267. What are the prime factors of x?
7, 17
Let h(l) = -16*l - 11. What are the prime factors of h(-7)?
101
Let f(p) = -3*p - 4. What are the prime factors of f(-2)?
2
Let w(u) = u**3 + 8*u**2 - u - 6. Suppose 4*f = 5*p - 27, 29 = -3*f + 5*p + 10. List the prime factors of w(f).
2
Let b(s) = -s**3 - 5*s**2 + 4*s - 8. Let i be b(-6). Suppose -3*f + 2*w = -0 - 5, 0 = 2*f - i*w + 2. Let n = f + 2. What are the prime factors of n?
5
Suppose -4*b - j - j + 28 = 0, -3*b + 3*j = -30. Suppose 10 = 2*u - 4*c, -2*u - 7*c + 2*c = 35. Let q = b + u. List the prime factors of q.
3
Let x = -4 + 1. List the prime factors of (4/14)/(x/(-42)).
2
Let q = -4 + 4. Suppose q = -4*v - 2*b + 18, -v + 6*v = -4*b + 30. Suppose y = -3*h + 3, v*y - 32 + 8 = 3*h. What are the prime factors of y?
3
Let l = -200 + 327. List the prime factors of l.
127
Let g = -415 - -655. Suppose 0*x + 111 = 2*x + o, -5*x = -5*o - g. What are the prime factors of x?
53
Suppose y = 4*y - 5*t - 35, y + 5 = 5*t. Suppose -c - c + y = 0. List the prime factors of c.
2, 5
Suppose -4*k = -5*d - 7*k - 26, 2*d - 3*k + 2 = 0. What are the prime factors of 2/d*-6 + 18?
3, 7
Suppose 0 = 2*m - 38 - 68. Suppose 3*h - m = 13. What are the prime factors of h?
2, 11
Suppose -3*y = -3*s + 57, -5*s + 25 = 3*y - 38. Suppose -4*g = g - 5*b + s, b - 11 = -3*g. What are the prime factors of g?
2
Let a be 16/(-24) + (-17)/(-3). Suppose -a*g - 4*l + 52 = 0, -5*l = -4*g + 2 + 56. List the prime factors of g.
2, 3
Let o be (-3)/(-6) + (-7)/2. Let x(a) = -2*a**3 - 4*a**2 - 5*a - 2. Let k be x(o). Suppose -r + 2 = 0, -k = -2*w - w - 2*r. What are the prime factors of w?
3
Suppose -2*y + 4*f = -90, -18 = -2*y - 4*f + 48. Let a = -7 + y. List the prime factors of a.
2
Let l = 6 + -6. Suppose 3*z + l*q + 4 = -2*q, -2*z + 5*q = -29. List the prime factors of (18/12)/(z/12).
3
Suppose 8*y - 3*y + 50 = 0. Let v = y + 22. List the prime factors of v.
2, 3
Suppose 0 = -n - 2*l - 6, 2*l + 6 = n + 4*n. Suppose 4*u - 8 = n, -4*b - 4*u = -9*b + 2. Let z = 5 + b. List the prime factors of z.
7
Let y be -2 - (4/2 + -3). Let p(h) = -9*h**3 + h**2. List the prime factors of p(y).
2, 5
Let b be 2/6*225/3. Suppose 61 = 5*w - 4*h, h = 2*w - 0*h - b. What are the prime factors of w?
13
Let c(v) = v**3 - 12*v**2 - 12*v + 34. List the prime factors of c(14).
2, 3, 43
Let d(r) = -3*r**2 + 17*r + 12. Let p(w) = w**2 - 2*w**2 + 3*w**2 - 8 - 11*w + 0*w**2. Let s(m) = 5*d(m) + 8*p(m). List the prime factors of s(5).
2, 3
Suppose 196 = 2*k + 6*c - c, c - 320 = -3*k. What are the prime factors of k?
2, 3
Let c be 6*((-12)/(-9) - 1). Suppose -4 = p - c*p. What are the prime factors of p?
2
Let n(k) be the third derivative of 0 - k**2 + 1/60*k**5 - 1/6*k**4 + 0*k - 1/2*k**3. What are the prime factors of n(6)?
3
What are the prime factors of (((-37856)/21)/8)/(4/(-6))?
2, 13
Suppose -2*g + 39 = d, -2*d + 4*d = g + 83. What are the prime factors of d?
41
Let w(z) = 17*z. Let u be 3 - (1 - -2) - -1. List the prime factors of w(u).
17
Let q(c) = -c**3 + 4*c**2 + c + 3. Let l be q(3). Let r = 0 + l. What are the prime factors of r?
3, 5
Suppose 0 = -5*f + 44 - 19. Suppose i - 15 = -4*i. Suppose y + f*d + i = 0, 0 = 5*y + 5*d - 2*d - 29. List the prime factors of y.
7
What are the prime factors of (-1 + 2)/3 - (-33)/9?
2
Suppose -6*v - 4*m = -v - 36, -m - 4 = -2*v. Suppose -v*y + y + 6 = 0. List the prime factors of y.
2
Let z be (-33)/11 + 1 + 12. Let r(m) = -m**2 + 14*m - 8. What are the prime factors of r(z)?
2
Let f = 176 - 109. What are the prime factors of f?
67
Suppose 5*k - 11 = 4. Let s = k - 0. What are the prime factors of -1 + -3*(-8)/s?
7
Let n(u) = -11*u - 1. List the prime factors of n(-3).
2
Let n(u) = u**3 - 4*u**2 + u + 4. Let g be n(4). Suppose -4*l + 0*c = 4*c + g, -3*l + 3*c = -6. Suppose -4*s - s + 40 = l. List the prime factors of s.
2
Let w(l) = l**3 - 9*l**2 + 8*l + 2. Let o be w(8). Suppose -2*p - 4*y = -20, p + o*y - 8 = -y. What are the prime factors of p?
2, 7
Suppose 3*d + 50 - 368 = -2*w, -4*d + 424 = w. List the prime factors of d.
2, 53
What are the prime factors of -25*(15/5 - (-23)/(-5))?
2, 5
Suppose -5*d = 178 - 553. List the prime factors of d.
3, 5
Let o be 6/27 + 20/(-9). Let i = o + 14. List the prime factors of i.
2, 3
Let c(j) = 9*j - 9. List the prime factors of c(4).
3
Let l be 6/(-9)*3*-2. Suppose -21 = a - 5*b, -l*b + b = 5*a - 35. What are the prime factors of a?
2
Let d(b) = -b**3 + 9*b**2 - 5*b + 11. List the prime factors of d(8).
5, 7
What are the prime factors of 2 - ((3 - 4) + -48)?
3, 17
Suppose 4*u - 71 = -5*k, -5*u - 3*k + 74 = -31. List the prime factors of u.
2, 3
Let w be (-688)/(-12) + 4/6. Suppose 5*a - 5*r - 70 = 0, 4*a - 2*r = w + 6. Let j = a + -8. What are the prime factors of j?
2, 5
Suppose 5*u + 39 = 4*j, 2*u = 4*j - j - 24. Suppose -2*k - j*l = -l - 69, 4*l = 20. Let o = k - 13. List the prime factors of o.
3
Let b = 155 + -109. What are the prime factors of b?
2, 23
Suppose 3*a = -5*r - 0*r + 394, 2*a - 3*r = 288. What are the prime factors of a?
2, 3, 23
Let x(o) = -5 + 5*o + 2 + 0. What are the prime factors of x(2)?
7
Let z(t) = -t**2 + t + 1. Let g(a) = -2*a**2 - 2*a - 1. Let f(u) = g(u) - 3*z(u). What are the prime factors of f(7)?
2, 5
Let t(g) = 8*g - 2*g**2 + g**2 + 2 + 0. List the prime factors of t(6).
2, 7
Let w(y) = -55*y**2 + 2*y + 5. Let j(o) = 82*o**2 - 3*o - 7. Let z(k) = 5*j(k) + 7*w(k). List the prime factors of z(-1).
2, 13
Let v(q) = -5*q + 11. Let a be v(10). Let r = a + 57. List the prime factors of r.
2, 3
Let q(y) = 5*y**3 - 2*y**2 + 10*y + 3. Let g(s) = s**3 + s + 1. Let r(o) = -6*g(o) + q(o). Let j be r(-5). Suppose 4*w - j = -12. List the prime factors of w.
2, 5
Let p = 4 + 1. Let s = p - -12. What are the prime factors of s?
17
Suppose -b - 10 = 3*j, 4*j + 6 = -b - 8. List the prime factors of j/10 - (-44)/10.
2
Suppose 12 = 5*i - y - 0*y, -3*y - 3 = -4*i. What are the prime factors of i?
3
Let n = -2 - -4. Suppose -5*p - 2*s + 11 = 2*s, -n*p - 3*s = -3. Suppose p*c + 20 = 5*c. What are the prime factors of c?
2, 5
Let n = -9 - 0. Let i be 1 + -1 + n + 1. Let w(z) = z + 12. What are the prime factors of w(i)?
2
Let h(u) = -21*u - 1. List the prime factors of h(-5).
2, 13
Let g(y) = y**2 + 3*y + 1. Let l be g(-2). Let d be 3 + -4 + l*1. List the prime factors of (d + 4)*27/6.
3
Let f be (-1)/4 + 18/8. Suppose -4*a - 20 = 0, -f*u + 4*a + 20 = -6. Suppose -u*d + b + 15 = -2*d, -5*d - 2*b = -47. What are the prime factors of d?
11
Suppose -c + 8 = -0*c - p, 29 = 4*c - 3*p. Suppose c*d + o - 65 = 0, o = -0*o - 5. List the prime factors of d.
2, 7
Suppose 5*k - 18 = 12. Let g(q) = q**2 - 6*q + 9. What are the prime factors of g(k)?
3
Suppose 882 = 10*w - 3*w. What are the prime factors of w?
2, 3, 7
Let g(n) = 2*n - 3. Let i be g(2). Let b be i - (-3)/1*1. Suppose -3*h = -b*l - 4*h + 50, -2*h = 4*l - 52. List the prime factors of l.
2, 3
Let g(j) be the second derivative of j**4/4 + j**3/2 + j**2 - j. Let v be (-45)/20 + (-1)/8*-2. What are the prime factors of g(v)?
2
Suppose 2*u = 9 - 1. Let m = u + -1. List the prime factors of m.
3
Suppose 5*c - 3*f = 11, 2*f - 3 = f. Suppose 3*d = c + 5. Suppose -23 = -3*v + 5*x, -4*x - 19 = -3*v + d. What are the prime factors of v?
2, 3
Let v = 17 + -24. Let c(s) = 4*s**2 + 10*s - 1. Let i(r) = -3*r**2 - 9*r. Let l(f) = -2*c(f) - 3*i(f). What are the prime factors of l(v)?
2
Suppose 3*p - 6360 = 7*p. What are the prime factors of p/(-75) + 2/(-10)?
3, 7
Let s(i) = -4*i - 9 + 9 - i**2. Let b be s(-4). Suppose -x + b*x = -4*c - 12, 4*c = -8. List the prime factors of x.
2
Let v(o) be the third derivative of -o**5/60 - o**4/4 - o**3/3 - o**2. Let j(x) = -3*x - 56. Let q be j(-17). What are the prime factors of v(q)?
3
Suppose -2*b - q = -10, -2*b = -q - 4 - 2. Let w = 3 - b. List the prime factors of (-34)/(-8) + w/4.
2
Let u = -18 - -25. Suppose y = 5*f - 28, 5*y + 4 + 1 = -2*f. Suppose r + u*t - 2*t = 1, -4*r + f*t = -29. What are the prime factors of r?
2, 3
Let g(l) = 92*l**3 + l - 2. List the prime factors of g(1).
7, 13
Suppose -2*z = -0*z - 8. Let x be z + 1 + 0 + -1. Suppose -x*g + 3